{"id":626,"date":"2016-05-09T17:02:18","date_gmt":"2016-05-09T16:02:18","guid":{"rendered":"https:\/\/www.black-swan-technology.fr\/?page_id=626"},"modified":"2016-05-12T08:52:14","modified_gmt":"2016-05-12T07:52:14","slug":"engagement","status":"publish","type":"page","link":"https:\/\/www.black-swan-technology.fr\/?page_id=626","title":{"rendered":"Notre engagement"},"content":{"rendered":"","protected":false},"excerpt":{"rendered":"<p>Toutes nos Prestations et Livrables sont accompagn\u00e9s en pr\u00e9alable de Conditions et Engagements r\u00e9currents pour chaque projet.<\/p>\n","protected":false},"author":2,"featured_media":707,"parent":0,"menu_order":19,"comment_status":"closed","ping_status":"closed","template":"","meta":{"footnotes":""},"class_list":["post-626","page","type-page","status-publish","has-post-thumbnail","hentry"],"_links":{"self":[{"href":"https:\/\/www.black-swan-technology.fr\/index.php?rest_route=\/wp\/v2\/pages\/626"}],"collection":[{"href":"https:\/\/www.black-swan-technology.fr\/index.php?rest_route=\/wp\/v2\/pages"}],"about":[{"href":"https:\/\/www.black-swan-technology.fr\/index.php?rest_route=\/wp\/v2\/types\/page"}],"author":[{"embeddable":true,"href":"https:\/\/www.black-swan-technology.fr\/index.php?rest_route=\/wp\/v2\/users\/2"}],"replies":[{"embeddable":true,"href":"https:\/\/www.black-swan-technology.fr\/index.php?rest_route=%2Fwp%2Fv2%2Fcomments&post=626"}],"version-history":[{"count":4,"href":"https:\/\/www.black-swan-technology.fr\/index.php?rest_route=\/wp\/v2\/pages\/626\/revisions"}],"predecessor-version":[{"id":708,"href":"https:\/\/www.black-swan-technology.fr\/index.php?rest_route=\/wp\/v2\/pages\/626\/revisions\/708"}],"wp:featuredmedia":[{"embeddable":true,"href":"https:\/\/www.black-swan-technology.fr\/index.php?rest_route=\/wp\/v2\/media\/707"}],"wp:attachment":[{"href":"https:\/\/www.black-swan-technology.fr\/index.php?rest_route=%2Fwp%2Fv2%2Fmedia&parent=626"}],"curies":[{"name":"wp","href":"https:\/\/api.w.org\/{rel}","templated":true}]}}